{"id":109,"date":"2021-08-20T19:14:18","date_gmt":"2021-08-20T19:14:18","guid":{"rendered":"http:\/\/r-g-proulx.com\/?page_id=109"},"modified":"2021-08-20T19:14:18","modified_gmt":"2021-08-20T19:14:18","slug":"109-2","status":"publish","type":"page","link":"https:\/\/richardgerardproulx.com\/","title":{"rendered":"Accueil"},"content":{"rendered":"\n<hr class=\"wp-block-separator is-style-wide\"\/>\n\n\n\n<h2 class=\"has-text-align-center has-large-font-size wp-block-heading\">Bienvenue sur notre site!<\/h2>\n\n\n\n<p class=\"has-text-align-center has-medium-font-size\">Vous y trouverez des ouvrages qu\u00e9b\u00e9cois r\u00e9alis\u00e9s par un musicien, p\u00e9dagogue et ethnomusicologue passionn\u00e9 que vous pourrez t\u00e9l\u00e9charger gracieusement, imprimer et projeter sur \u00e9cran ou sur tableau projecteur.<\/p>\n","protected":false},"excerpt":{"rendered":"<p>Bienvenue sur notre site! Vous y trouverez des ouvrages qu\u00e9b\u00e9cois r\u00e9alis\u00e9s par un musicien, p\u00e9dagogue et ethnomusicologue passionn\u00e9 que vous pourrez t\u00e9l\u00e9charger gracieusement, imprimer et projeter sur \u00e9cran ou sur tableau projecteur.<\/p>\n","protected":false},"author":1,"featured_media":0,"parent":0,"menu_order":0,"comment_status":"closed","ping_status":"closed","template":"","meta":{"footnotes":""},"class_list":["post-109","page","type-page","status-publish","hentry"],"_links":{"self":[{"href":"https:\/\/richardgerardproulx.com\/index.php\/wp-json\/wp\/v2\/pages\/109","targetHints":{"allow":["GET"]}}],"collection":[{"href":"https:\/\/richardgerardproulx.com\/index.php\/wp-json\/wp\/v2\/pages"}],"about":[{"href":"https:\/\/richardgerardproulx.com\/index.php\/wp-json\/wp\/v2\/types\/page"}],"author":[{"embeddable":true,"href":"https:\/\/richardgerardproulx.com\/index.php\/wp-json\/wp\/v2\/users\/1"}],"replies":[{"embeddable":true,"href":"https:\/\/richardgerardproulx.com\/index.php\/wp-json\/wp\/v2\/comments?post=109"}],"version-history":[{"count":0,"href":"https:\/\/richardgerardproulx.com\/index.php\/wp-json\/wp\/v2\/pages\/109\/revisions"}],"wp:attachment":[{"href":"https:\/\/richardgerardproulx.com\/index.php\/wp-json\/wp\/v2\/media?parent=109"}],"curies":[{"name":"wp","href":"https:\/\/api.w.org\/{rel}","templated":true}]}}